{"id":639,"date":"2017-04-13T15:17:44","date_gmt":"2017-04-13T13:17:44","guid":{"rendered":"http:\/\/jsuisvert.com\/wordpress\/?page_id=639"},"modified":"2018-04-23T09:56:21","modified_gmt":"2018-04-23T07:56:21","slug":"jsuis-vert-3-edition-2016","status":"publish","type":"page","link":"https:\/\/jsuisvert.com\/?page_id=639","title":{"rendered":"J&rsquo;suis vert #3 (2016)"},"content":{"rendered":"<h1>Retour sur l\u2019\u00e9v\u00e9nement<\/h1>\n<h1>j\u2019suisvert#3 du 20 Mai 2016<\/h1>\n<p>&nbsp;<\/p>\n<p>La 3\u00e8me \u00e9dition du festival \u00ab j\u2019suis vert ! \u00bb se d\u00e9roulait le\u00a0Vendredi 20 Mai 2016 \u00e0 l&rsquo;UBU de Rennes, 1 rue Saint H\u00e9lier.<\/p>\n<p>Au programme pour ce \u00ab j\u2019suis vert ! #3 \u00bb, ap\u00e9ro-dinatoire, surprises et bonne musique avec plusieurs artistes de la sc\u00e8ne de l\u2019Ouest, jusqu\u2019\u00e0 tard dans la nuit :<\/p>\n<h1>CORDEIRO en DJ Set<\/h1>\n<p><a href=\"http:\/\/jsuisvert.com\/wp-content\/uploads\/2016\/04\/Cordeiro.jpg\"><img loading=\"lazy\" decoding=\"async\" class=\"aligncenter size-full wp-image-624\" src=\"http:\/\/jsuisvert.com\/wp-content\/uploads\/2016\/04\/Cordeiro.jpg\" alt=\"Cordeiro\" width=\"349\" height=\"349\" srcset=\"https:\/\/jsuisvert.com\/wp-content\/uploads\/2016\/04\/Cordeiro.jpg 500w, https:\/\/jsuisvert.com\/wp-content\/uploads\/2016\/04\/Cordeiro-150x150.jpg 150w, https:\/\/jsuisvert.com\/wp-content\/uploads\/2016\/04\/Cordeiro-300x300.jpg 300w, https:\/\/jsuisvert.com\/wp-content\/uploads\/2016\/04\/Cordeiro-230x230.jpg 230w\" sizes=\"auto, (max-width: 349px) 100vw, 349px\" \/><\/a><br \/>\n<em>\u00ab Cordeiro est un jeune dj bas\u00e9 \u00e0 Rennes (France).<br \/>\nA l&rsquo;\u00e2ge de 14 ans il prend go\u00fbt \u00e0 la musique \u00e9lectronique et cet engouement ne cessera de croitre. Passionn\u00e9 il acquiert tr\u00e8s jeune du mat\u00e9riel qui lui servira pour faire ses marques, et se lance en 2012 sur la sc\u00e8ne rennaise.<br \/>\nDepuis ses sets entre house et techno l&rsquo;ont permis notamment d\u2019\u00e9cumer les soir\u00e9es Rennaises, de jouer aux embl\u00e9matiques festivals Astropolis et Panoramas, ou encore dans de nombreux clubs comme l&rsquo;iboat, le batofar&#8230; \u00bb<\/em><br \/>\nSource : Soundcloud<\/p>\n<p>Plus de son :<br \/>\n&#8211; <a title=\"https:\/\/soundcloud.com\/cordeiro-1\" href=\"https:\/\/soundcloud.com\/cordeiro-1\" target=\"_blank\" rel=\"noopener\">https:\/\/soundcloud.com\/cordeiro-1<\/a><\/p>\n<h2>Kaviar Special<\/h2>\n<p><a href=\"http:\/\/jsuisvert.com\/wp-content\/uploads\/2016\/04\/KaviarSpecial.jpg\"><img loading=\"lazy\" decoding=\"async\" class=\"aligncenter size-full wp-image-622\" src=\"http:\/\/jsuisvert.com\/wp-content\/uploads\/2016\/04\/KaviarSpecial.jpg\" alt=\"KaviarSpecial\" width=\"526\" height=\"400\" \/><\/a><br \/>\n<em>\u00ab Apr\u00e8s un premier album plus que r\u00e9ussi, voil\u00e0 Kaviar Special de retour avec un second disque sobrement intitul\u00e9 #2 sorti le 8 Avril 2016 chez les excellents labels Howlin Banana et Beast Records. Sans grande surprise, on y retrouve les m\u00e9lodies et les instrumentations psych\u00e9d\u00e9liques de la formation rennaise, soutenue par une production du plus bel effet. Influences 60\u2019s toutes voiles dehors, donc, mais on sent \u00e9galement que le garage des ann\u00e9es 2.0 est pass\u00e9 par l\u00e0, ce qui fait du disque un beau condens\u00e9 de ce qui s\u2019est fait en mati\u00e8re de rock sorti des caves fran\u00e7aises ces derni\u00e8res ann\u00e9es \u00bb<\/em><br \/>\nSource : les Inrocks<\/p>\n<p>Plus de son :<br \/>\n&#8211; <a href=\"https:\/\/soundcloud.com\/kaviarspecial\" target=\"_blank\" rel=\"noopener\">https:\/\/soundcloud.com\/kaviarspecial<\/a><\/p>\n<h2>French Cowboy and the One<\/h2>\n<p><a href=\"http:\/\/jsuisvert.com\/wp-content\/uploads\/2016\/04\/FrenchCowboyTheOne.png\"><img loading=\"lazy\" decoding=\"async\" class=\"aligncenter size-full wp-image-618\" src=\"http:\/\/jsuisvert.com\/wp-content\/uploads\/2016\/04\/FrenchCowboyTheOne.png\" alt=\"FrenchCowboy&amp;TheOne\" width=\"620\" height=\"349\" srcset=\"https:\/\/jsuisvert.com\/wp-content\/uploads\/2016\/04\/FrenchCowboyTheOne.png 620w, https:\/\/jsuisvert.com\/wp-content\/uploads\/2016\/04\/FrenchCowboyTheOne-300x169.png 300w\" sizes=\"auto, (max-width: 620px) 100vw, 620px\" \/><\/a><br \/>\nEn mai 1992, \u00e0 l\u2019issue du l\u00e9gendaire concert des Little Rabbits au Festival Rock\u2019n Solex, Eric PIFETEAU le batteur des Rabbits promettait d\u2019offrir un T-Shirt \u00e0 R\u00e9gis, qui, 24 ans apr\u00e8s attend toujours.<br \/>\nC\u2019est sous le nom de the French Cowboy &amp; the One que Federico Pelegrini et Eric PIFETEAU, les 2 anciens Little Rabbits, viendront solder leur arri\u00e9r\u00e9 ainsi que les astronom\u00e9lodiques int\u00e9r\u00eats de retard.<\/p>\n<p>Plus de son :<br \/>\n&#8211; <a href=\"https:\/\/soundcloud.com\/lesppites\/french-cowboy-the-one-you-wanna-sing\" target=\"_blank\" rel=\"noopener\">https:\/\/soundcloud.com\/lesppites\/french-cowboy-the-one-you-wanna-sing<\/a><\/p>\n<h2>S.U.C.C.E.S.S.<\/h2>\n<p><a href=\"http:\/\/jsuisvert.com\/wp-content\/uploads\/2016\/04\/S.U.C.C.E.S.S.jpg\"><img loading=\"lazy\" decoding=\"async\" class=\"aligncenter size-medium wp-image-619\" src=\"http:\/\/jsuisvert.com\/wp-content\/uploads\/2016\/04\/S.U.C.C.E.S.S-300x225.jpg\" alt=\"S.U.C.C.E.S.S\" width=\"463\" height=\"349\" srcset=\"https:\/\/jsuisvert.com\/wp-content\/uploads\/2016\/04\/S.U.C.C.E.S.S-300x225.jpg 300w, https:\/\/jsuisvert.com\/wp-content\/uploads\/2016\/04\/S.U.C.C.E.S.S-768x577.jpg 768w, https:\/\/jsuisvert.com\/wp-content\/uploads\/2016\/04\/S.U.C.C.E.S.S.jpg 820w\" sizes=\"auto, (max-width: 463px) 100vw, 463px\" \/><\/a><br \/>\n<em>\u00ab Success est un quatuor de rock \u00e9lectronique fran\u00e7ais originaire de Rennes. L&rsquo;histoire commence fin 2007 avec le titre Girl from New Orleans qui est imm\u00e9diatement rep\u00e9r\u00e9 par le label RCA\/Columbia U.K et le milieu musical alternatif de Manchester (Areebo, Rawfish records). Ce titre tisse sa toile sur le web et se voit remix\u00e9 par une cinquantaine de DJ\u2019s &amp; producteurs du monde entier.<\/em><br \/>\n<em>Men\u00e9 par le chanteur Mister Eleganz, le groupe signe chez Platinum records, tourne depuis 2009 dans de nombreux festivals (Printemps de Bourges, Rock&rsquo;n Solex, Art Rock, Marsatac et bien sur aux Transmusicales de Rennes). \u00bb<\/em><br \/>\nSource : Wikipedia<\/p>\n<p>Plus de son :<br \/>\n&#8211; <a href=\"https:\/\/soundcloud.com\/wearesuccess\" target=\"_blank\" rel=\"noopener\">https:\/\/soundcloud.com\/wearesuccess<\/a><\/p>\n","protected":false},"excerpt":{"rendered":"<p>Retour sur l\u2019\u00e9v\u00e9nement j\u2019suisvert#3 du 20 Mai 2016 &nbsp; La 3\u00e8me \u00e9dition du festival \u00ab j\u2019suis vert ! \u00bb se &hellip; <a href=\"https:\/\/jsuisvert.com\/?page_id=639\" class=\"more-link\">Continue reading <span class=\"screen-reader-text\">J&rsquo;suis vert #3 (2016)<\/span><\/a><\/p>\n","protected":false},"author":2,"featured_media":0,"parent":0,"menu_order":0,"comment_status":"closed","ping_status":"closed","template":"","meta":{"footnotes":""},"class_list":["post-639","page","type-page","status-publish","hentry"],"_links":{"self":[{"href":"https:\/\/jsuisvert.com\/index.php?rest_route=\/wp\/v2\/pages\/639","targetHints":{"allow":["GET"]}}],"collection":[{"href":"https:\/\/jsuisvert.com\/index.php?rest_route=\/wp\/v2\/pages"}],"about":[{"href":"https:\/\/jsuisvert.com\/index.php?rest_route=\/wp\/v2\/types\/page"}],"author":[{"embeddable":true,"href":"https:\/\/jsuisvert.com\/index.php?rest_route=\/wp\/v2\/users\/2"}],"replies":[{"embeddable":true,"href":"https:\/\/jsuisvert.com\/index.php?rest_route=%2Fwp%2Fv2%2Fcomments&post=639"}],"version-history":[{"count":5,"href":"https:\/\/jsuisvert.com\/index.php?rest_route=\/wp\/v2\/pages\/639\/revisions"}],"predecessor-version":[{"id":717,"href":"https:\/\/jsuisvert.com\/index.php?rest_route=\/wp\/v2\/pages\/639\/revisions\/717"}],"wp:attachment":[{"href":"https:\/\/jsuisvert.com\/index.php?rest_route=%2Fwp%2Fv2%2Fmedia&parent=639"}],"curies":[{"name":"wp","href":"https:\/\/api.w.org\/{rel}","templated":true}]}}

<h1>Retour sur l’événement</h1>
<h1>j’suisvert#3 du 20 Mai 2016</h1>
<p>&nbsp;</p>
<p>La 3ème édition du festival « j’suis vert ! » se déroulait le Vendredi 20 Mai 2016 à l&rsquo;UBU de Rennes, 1 rue Saint Hélier.</p>
<p>Au programme pour ce « j’suis vert ! #3 », apéro-dinatoire, surprises et bonne musique avec plusieurs artistes de la scène de l’Ouest, jusqu’à tard dans la nuit :</p>
<h1>CORDEIRO en DJ Set</h1>
<p><a href="http://jsuisvert.com/wp-content/uploads/2016/04/Cordeiro.jpg"><img loading="lazy" decoding="async" class="aligncenter size-full wp-image-624" src="http://jsuisvert.com/wp-content/uploads/2016/04/Cordeiro.jpg" alt="Cordeiro" width="349" height="349" srcset="https://jsuisvert.com/wp-content/uploads/2016/04/Cordeiro.jpg 500w, https://jsuisvert.com/wp-content/uploads/2016/04/Cordeiro-150x150.jpg 150w, https://jsuisvert.com/wp-content/uploads/2016/04/Cordeiro-300x300.jpg 300w, https://jsuisvert.com/wp-content/uploads/2016/04/Cordeiro-230x230.jpg 230w" sizes="auto, (max-width: 349px) 100vw, 349px" /></a><br />
<em>« Cordeiro est un jeune dj basé à Rennes (France).<br />
A l&rsquo;âge de 14 ans il prend goût à la musique électronique et cet engouement ne cessera de croitre. Passionné il acquiert très jeune du matériel qui lui servira pour faire ses marques, et se lance en 2012 sur la scène rennaise.<br />
Depuis ses sets entre house et techno l&rsquo;ont permis notamment d’écumer les soirées Rennaises, de jouer aux emblématiques festivals Astropolis et Panoramas, ou encore dans de nombreux clubs comme l&rsquo;iboat, le batofar&#8230; »</em><br />
Source : Soundcloud</p>
<p>Plus de son :<br />
&#8211; <a title="https://soundcloud.com/cordeiro-1" href="https://soundcloud.com/cordeiro-1" target="_blank" rel="noopener">https://soundcloud.com/cordeiro-1</a></p>
<h2>Kaviar Special</h2>
<p><a href="http://jsuisvert.com/wp-content/uploads/2016/04/KaviarSpecial.jpg"><img loading="lazy" decoding="async" class="aligncenter size-full wp-image-622" src="http://jsuisvert.com/wp-content/uploads/2016/04/KaviarSpecial.jpg" alt="KaviarSpecial" width="526" height="400" /></a><br />
<em>« Après un premier album plus que réussi, voilà Kaviar Special de retour avec un second disque sobrement intitulé #2 sorti le 8 Avril 2016 chez les excellents labels Howlin Banana et Beast Records. Sans grande surprise, on y retrouve les mélodies et les instrumentations psychédéliques de la formation rennaise, soutenue par une production du plus bel effet. Influences 60’s toutes voiles dehors, donc, mais on sent également que le garage des années 2.0 est passé par là, ce qui fait du disque un beau condensé de ce qui s’est fait en matière de rock sorti des caves françaises ces dernières années »</em><br />
Source : les Inrocks</p>
<p>Plus de son :<br />
&#8211; <a href="https://soundcloud.com/kaviarspecial" target="_blank" rel="noopener">https://soundcloud.com/kaviarspecial</a></p>
<h2>French Cowboy and the One</h2>
<p><a href="http://jsuisvert.com/wp-content/uploads/2016/04/FrenchCowboyTheOne.png"><img loading="lazy" decoding="async" class="aligncenter size-full wp-image-618" src="http://jsuisvert.com/wp-content/uploads/2016/04/FrenchCowboyTheOne.png" alt="FrenchCowboy&amp;TheOne" width="620" height="349" srcset="https://jsuisvert.com/wp-content/uploads/2016/04/FrenchCowboyTheOne.png 620w, https://jsuisvert.com/wp-content/uploads/2016/04/FrenchCowboyTheOne-300x169.png 300w" sizes="auto, (max-width: 620px) 100vw, 620px" /></a><br />
En mai 1992, à l’issue du légendaire concert des Little Rabbits au Festival Rock’n Solex, Eric PIFETEAU le batteur des Rabbits promettait d’offrir un T-Shirt à Régis, qui, 24 ans après attend toujours.<br />
C’est sous le nom de the French Cowboy &amp; the One que Federico Pelegrini et Eric PIFETEAU, les 2 anciens Little Rabbits, viendront solder leur arriéré ainsi que les astronomélodiques intérêts de retard.</p>
<p>Plus de son :<br />
&#8211; <a href="https://soundcloud.com/lesppites/french-cowboy-the-one-you-wanna-sing" target="_blank" rel="noopener">https://soundcloud.com/lesppites/french-cowboy-the-one-you-wanna-sing</a></p>
<h2>S.U.C.C.E.S.S.</h2>
<p><a href="http://jsuisvert.com/wp-content/uploads/2016/04/S.U.C.C.E.S.S.jpg"><img loading="lazy" decoding="async" class="aligncenter size-medium wp-image-619" src="http://jsuisvert.com/wp-content/uploads/2016/04/S.U.C.C.E.S.S-300x225.jpg" alt="S.U.C.C.E.S.S" width="463" height="349" srcset="https://jsuisvert.com/wp-content/uploads/2016/04/S.U.C.C.E.S.S-300x225.jpg 300w, https://jsuisvert.com/wp-content/uploads/2016/04/S.U.C.C.E.S.S-768x577.jpg 768w, https://jsuisvert.com/wp-content/uploads/2016/04/S.U.C.C.E.S.S.jpg 820w" sizes="auto, (max-width: 463px) 100vw, 463px" /></a><br />
<em>« Success est un quatuor de rock électronique français originaire de Rennes. L&rsquo;histoire commence fin 2007 avec le titre Girl from New Orleans qui est immédiatement repéré par le label RCA/Columbia U.K et le milieu musical alternatif de Manchester (Areebo, Rawfish records). Ce titre tisse sa toile sur le web et se voit remixé par une cinquantaine de DJ’s &amp; producteurs du monde entier.</em><br />
<em>Mené par le chanteur Mister Eleganz, le groupe signe chez Platinum records, tourne depuis 2009 dans de nombreux festivals (Printemps de Bourges, Rock&rsquo;n Solex, Art Rock, Marsatac et bien sur aux Transmusicales de Rennes). »</em><br />
Source : Wikipedia</p>
<p>Plus de son :<br />
&#8211; <a href="https://soundcloud.com/wearesuccess" target="_blank" rel="noopener">https://soundcloud.com/wearesuccess</a></p>

<p>Retour sur l’événement j’suisvert#3 du 20 Mai 2016 &nbsp; La 3ème édition du festival « j’suis vert ! » se &hellip; <a href="https://jsuisvert.com/?page_id=639" class="more-link">Continue reading <span class="screen-reader-text">J&rsquo;suis vert #3 (2016)</span></a></p>
