{"id":401,"date":"2015-08-17T14:18:09","date_gmt":"2015-08-17T13:18:09","guid":{"rendered":"http:\/\/jsuisvert.com\/wordpress\/?page_id=401"},"modified":"2015-08-19T08:59:42","modified_gmt":"2015-08-19T07:59:42","slug":"moongazer-2","status":"publish","type":"page","link":"https:\/\/jsuisvert.com\/?page_id=401","title":{"rendered":"Moongazer"},"content":{"rendered":"<p style=\"text-align: center;\">MOONGAZER<\/p>\n<p style=\"text-align: center;\">\u00ab\u00a0<em>Trio rock form\u00e9 avant l\u2019\u00e9t\u00e9 2012, Moongazer se construit un univers homog\u00e8ne, influenc\u00e9 le rock ind\u00e9 des ann\u00e9es 90 teint\u00e9 de cold wave. Les compos toujours m\u00e9lodiques, mais assur\u00e9ment rock par le son et l\u2019\u00e9nergie, racontent des histoires inspir\u00e9es par les d\u00e9rives et faits divers de notre soci\u00e9t\u00e9. A d\u00e9couvrir absolument\u2026<\/em>\u00a0\u00bb<\/p>\n<p style=\"text-align: center;\"><img loading=\"lazy\" decoding=\"async\" class=\"alignnone size-medium wp-image-402\" src=\"http:\/\/jsuisvert.com\/wp-content\/uploads\/2015\/08\/Moongazer-300x142.jpg\" alt=\"Moongazer\" width=\"300\" height=\"142\" \/><\/p>\n<p style=\"text-align: center;\"><span style=\"text-decoration: underline;\">\u00a0<\/span><\/p>\n<div id='gallery-1' class='gallery galleryid-401 gallery-columns-3 gallery-size-thumbnail'><figure class='gallery-item'>\n\t\t\t<div class='gallery-icon landscape'>\n\t\t\t\t<a href='https:\/\/jsuisvert.com\/?attachment_id=447'><img loading=\"lazy\" decoding=\"async\" width=\"150\" height=\"150\" src=\"https:\/\/jsuisvert.com\/wp-content\/uploads\/2015\/08\/je-suis-vert-2-34-150x150.jpg\" class=\"attachment-thumbnail size-thumbnail\" alt=\"\" srcset=\"https:\/\/jsuisvert.com\/wp-content\/uploads\/2015\/08\/je-suis-vert-2-34-150x150.jpg 150w, https:\/\/jsuisvert.com\/wp-content\/uploads\/2015\/08\/je-suis-vert-2-34-230x230.jpg 230w\" sizes=\"auto, (max-width: 150px) 100vw, 150px\" \/><\/a>\n\t\t\t<\/div><\/figure><figure class='gallery-item'>\n\t\t\t<div class='gallery-icon portrait'>\n\t\t\t\t<a href='https:\/\/jsuisvert.com\/?attachment_id=448'><img loading=\"lazy\" decoding=\"async\" width=\"150\" height=\"150\" src=\"https:\/\/jsuisvert.com\/wp-content\/uploads\/2015\/08\/je-suis-vert-2-36-150x150.jpg\" class=\"attachment-thumbnail size-thumbnail\" alt=\"\" srcset=\"https:\/\/jsuisvert.com\/wp-content\/uploads\/2015\/08\/je-suis-vert-2-36-150x150.jpg 150w, https:\/\/jsuisvert.com\/wp-content\/uploads\/2015\/08\/je-suis-vert-2-36-230x230.jpg 230w\" sizes=\"auto, (max-width: 150px) 100vw, 150px\" \/><\/a>\n\t\t\t<\/div><\/figure><figure class='gallery-item'>\n\t\t\t<div class='gallery-icon landscape'>\n\t\t\t\t<a href='https:\/\/jsuisvert.com\/?attachment_id=446'><img loading=\"lazy\" decoding=\"async\" width=\"150\" height=\"150\" src=\"https:\/\/jsuisvert.com\/wp-content\/uploads\/2015\/08\/je-suis-vert-2-33-150x150.jpg\" class=\"attachment-thumbnail size-thumbnail\" alt=\"\" srcset=\"https:\/\/jsuisvert.com\/wp-content\/uploads\/2015\/08\/je-suis-vert-2-33-150x150.jpg 150w, https:\/\/jsuisvert.com\/wp-content\/uploads\/2015\/08\/je-suis-vert-2-33-230x230.jpg 230w\" sizes=\"auto, (max-width: 150px) 100vw, 150px\" \/><\/a>\n\t\t\t<\/div><\/figure><figure class='gallery-item'>\n\t\t\t<div class='gallery-icon landscape'>\n\t\t\t\t<a href='https:\/\/jsuisvert.com\/?attachment_id=445'><img loading=\"lazy\" decoding=\"async\" width=\"150\" height=\"150\" src=\"https:\/\/jsuisvert.com\/wp-content\/uploads\/2015\/08\/je-suis-vert-2-32-150x150.jpg\" class=\"attachment-thumbnail size-thumbnail\" alt=\"\" srcset=\"https:\/\/jsuisvert.com\/wp-content\/uploads\/2015\/08\/je-suis-vert-2-32-150x150.jpg 150w, https:\/\/jsuisvert.com\/wp-content\/uploads\/2015\/08\/je-suis-vert-2-32-230x230.jpg 230w\" sizes=\"auto, (max-width: 150px) 100vw, 150px\" \/><\/a>\n\t\t\t<\/div><\/figure><figure class='gallery-item'>\n\t\t\t<div class='gallery-icon landscape'>\n\t\t\t\t<a href='https:\/\/jsuisvert.com\/?attachment_id=444'><img loading=\"lazy\" decoding=\"async\" width=\"150\" height=\"150\" src=\"https:\/\/jsuisvert.com\/wp-content\/uploads\/2015\/08\/je-suis-vert-2-31-150x150.jpg\" class=\"attachment-thumbnail size-thumbnail\" alt=\"\" srcset=\"https:\/\/jsuisvert.com\/wp-content\/uploads\/2015\/08\/je-suis-vert-2-31-150x150.jpg 150w, https:\/\/jsuisvert.com\/wp-content\/uploads\/2015\/08\/je-suis-vert-2-31-230x230.jpg 230w\" sizes=\"auto, (max-width: 150px) 100vw, 150px\" \/><\/a>\n\t\t\t<\/div><\/figure><figure class='gallery-item'>\n\t\t\t<div class='gallery-icon landscape'>\n\t\t\t\t<a href='https:\/\/jsuisvert.com\/?attachment_id=443'><img loading=\"lazy\" decoding=\"async\" width=\"150\" height=\"150\" src=\"https:\/\/jsuisvert.com\/wp-content\/uploads\/2015\/08\/je-suis-vert-2-30-150x150.jpg\" class=\"attachment-thumbnail size-thumbnail\" alt=\"\" srcset=\"https:\/\/jsuisvert.com\/wp-content\/uploads\/2015\/08\/je-suis-vert-2-30-150x150.jpg 150w, https:\/\/jsuisvert.com\/wp-content\/uploads\/2015\/08\/je-suis-vert-2-30-230x230.jpg 230w\" sizes=\"auto, (max-width: 150px) 100vw, 150px\" \/><\/a>\n\t\t\t<\/div><\/figure>\n\t\t<\/div>\n\n<p style=\"text-align: center;\"><span style=\"text-decoration: underline;\"><br \/>\n<\/span><\/p>\n<p style=\"text-align: center;\">\n","protected":false},"excerpt":{"rendered":"<p>MOONGAZER \u00ab\u00a0Trio rock form\u00e9 avant l\u2019\u00e9t\u00e9 2012, Moongazer se construit un univers homog\u00e8ne, influenc\u00e9 le rock ind\u00e9 des ann\u00e9es 90 &hellip; <a href=\"https:\/\/jsuisvert.com\/?page_id=401\" class=\"more-link\">Continue reading <span class=\"screen-reader-text\">Moongazer<\/span><\/a><\/p>\n","protected":false},"author":1,"featured_media":0,"parent":312,"menu_order":0,"comment_status":"closed","ping_status":"open","template":"","meta":{"footnotes":""},"class_list":["post-401","page","type-page","status-publish","hentry"],"_links":{"self":[{"href":"https:\/\/jsuisvert.com\/index.php?rest_route=\/wp\/v2\/pages\/401","targetHints":{"allow":["GET"]}}],"collection":[{"href":"https:\/\/jsuisvert.com\/index.php?rest_route=\/wp\/v2\/pages"}],"about":[{"href":"https:\/\/jsuisvert.com\/index.php?rest_route=\/wp\/v2\/types\/page"}],"author":[{"embeddable":true,"href":"https:\/\/jsuisvert.com\/index.php?rest_route=\/wp\/v2\/users\/1"}],"replies":[{"embeddable":true,"href":"https:\/\/jsuisvert.com\/index.php?rest_route=%2Fwp%2Fv2%2Fcomments&post=401"}],"version-history":[{"count":13,"href":"https:\/\/jsuisvert.com\/index.php?rest_route=\/wp\/v2\/pages\/401\/revisions"}],"predecessor-version":[{"id":495,"href":"https:\/\/jsuisvert.com\/index.php?rest_route=\/wp\/v2\/pages\/401\/revisions\/495"}],"up":[{"embeddable":true,"href":"https:\/\/jsuisvert.com\/index.php?rest_route=\/wp\/v2\/pages\/312"}],"wp:attachment":[{"href":"https:\/\/jsuisvert.com\/index.php?rest_route=%2Fwp%2Fv2%2Fmedia&parent=401"}],"curies":[{"name":"wp","href":"https:\/\/api.w.org\/{rel}","templated":true}]}}