{"id":377,"date":"2015-04-10T15:39:13","date_gmt":"2015-04-10T14:39:13","guid":{"rendered":"http:\/\/jsuisvert.com\/wordpress\/?page_id=377"},"modified":"2022-05-19T16:30:14","modified_gmt":"2022-05-19T14:30:14","slug":"infos-pratiques","status":"publish","type":"page","link":"https:\/\/jsuisvert.com\/?page_id=377","title":{"rendered":"Infos pratiques"},"content":{"rendered":"<h1 style=\"text-align: center;\">Le festival\u00a0 \u00ab J\u2019suis vert \u00bb se d\u00e9roule \u00e0 la Factory Ballroom<\/h1>\n<h1 style=\"text-align: center;\">\u00e0 Cesson-S\u00e9vign\u00e9.<\/h1>\n<p><a href=\"http:\/\/jsuisvert.com\/wp-content\/uploads\/2022\/04\/HT7C0605-e1650631929517.jpg\"><img loading=\"lazy\" decoding=\"async\" class=\"wp-image-1761  aligncenter\" src=\"http:\/\/jsuisvert.com\/wp-content\/uploads\/2022\/04\/HT7C0605-300x200.jpg\" alt=\"\" width=\"462\" height=\"308\" \/><\/a><\/p>\n<p>Cette ann\u00e9e, nous avons d\u00e9cid\u00e9 d&rsquo;investir les lieux de notre si\u00e8ge pour vivre cette 7\u00e8me \u00e9dition de \u00ab\u00a0J&rsquo;suis vert\u00a0\u00bb. C&rsquo;est dans un cadre moderne et traditionnel, que vous serez accueilli \u00e0 la Ballroom \u00e0 partir de 18h.<\/p>\n<h2>Adresse\u00a0:<\/h2>\n<p>ENENSYS TECHNOLOGIES<\/p>\n<p>La Factory &#8211; Ballroom<br \/>\n4a rue des Buttes<br \/>\n35510 Cesson-S\u00e9vign\u00e9<\/p>\n<h2>Parking :<\/h2>\n<p>Acc\u00e8s au parking ext\u00e9rieur d&rsquo; ENENSYS devant notre b\u00e2timent.<\/p>\n<p>Celui de nos voisins IDEC est \u00e9galement disponible.<\/p>\n<p>Vous avez \u00e9galement la possibilit\u00e9 de vous garer sur le parking du Ch\u00e2teau de la Monniais.<\/p>\n<p>Nous sommes tr\u00e8s proche de la gare de Cesson, o\u00f9 il y&rsquo; a aussi un parking et cela vous donne la possibilit\u00e9 d&rsquo;y venir en train selon les horaires propos\u00e9s.<\/p>\n<p>https:\/\/m.ter.sncf.com\/bretagne\/trajet-cesson-sevigne-rennes<\/p>\n<h2>Plan\u00a0:<\/h2>\n<p><iframe loading=\"lazy\" style=\"border: 0;\" src=\"https:\/\/www.google.com\/maps\/embed?pb=!1m18!1m12!1m3!1d5327.82722883265!2d-1.5985320970028483!3d48.11190212437348!2m3!1f0!2f0!3f0!3m2!1i1024!2i768!4f13.1!3m3!1m2!1s0x480ed8d7f14149cb%3A0x854e8d5513caadd2!2s4a%20Rue%20des%20buttes%2C%2035510%20Cesson-S%C3%A9vign%C3%A9!5e0!3m2!1sfr!2sfr!4v1650615680507!5m2!1sfr!2sfr\" width=\"600\" height=\"450\" allowfullscreen=\"allowfullscreen\"><\/iframe><\/p>\n","protected":false},"excerpt":{"rendered":"<p>Le festival\u00a0 \u00ab J\u2019suis vert \u00bb se d\u00e9roule \u00e0 la Factory Ballroom \u00e0 Cesson-S\u00e9vign\u00e9. Cette ann\u00e9e, nous avons d\u00e9cid\u00e9 d&rsquo;investir &hellip; <a href=\"https:\/\/jsuisvert.com\/?page_id=377\" class=\"more-link\">Continue reading <span class=\"screen-reader-text\">Infos pratiques<\/span><\/a><\/p>\n","protected":false},"author":1,"featured_media":0,"parent":0,"menu_order":0,"comment_status":"closed","ping_status":"open","template":"","meta":{"footnotes":""},"class_list":["post-377","page","type-page","status-publish","hentry"],"_links":{"self":[{"href":"https:\/\/jsuisvert.com\/index.php?rest_route=\/wp\/v2\/pages\/377","targetHints":{"allow":["GET"]}}],"collection":[{"href":"https:\/\/jsuisvert.com\/index.php?rest_route=\/wp\/v2\/pages"}],"about":[{"href":"https:\/\/jsuisvert.com\/index.php?rest_route=\/wp\/v2\/types\/page"}],"author":[{"embeddable":true,"href":"https:\/\/jsuisvert.com\/index.php?rest_route=\/wp\/v2\/users\/1"}],"replies":[{"embeddable":true,"href":"https:\/\/jsuisvert.com\/index.php?rest_route=%2Fwp%2Fv2%2Fcomments&post=377"}],"version-history":[{"count":14,"href":"https:\/\/jsuisvert.com\/index.php?rest_route=\/wp\/v2\/pages\/377\/revisions"}],"predecessor-version":[{"id":1783,"href":"https:\/\/jsuisvert.com\/index.php?rest_route=\/wp\/v2\/pages\/377\/revisions\/1783"}],"wp:attachment":[{"href":"https:\/\/jsuisvert.com\/index.php?rest_route=%2Fwp%2Fv2%2Fmedia&parent=377"}],"curies":[{"name":"wp","href":"https:\/\/api.w.org\/{rel}","templated":true}]}}

<h1 style="text-align: center;">Le festival  « J’suis vert » se déroule à la Factory Ballroom</h1>
<h1 style="text-align: center;">à Cesson-Sévigné.</h1>
<p><a href="http://jsuisvert.com/wp-content/uploads/2022/04/HT7C0605-e1650631929517.jpg"><img loading="lazy" decoding="async" class="wp-image-1761  aligncenter" src="http://jsuisvert.com/wp-content/uploads/2022/04/HT7C0605-300x200.jpg" alt="" width="462" height="308" /></a></p>
<p>Cette année, nous avons décidé d&rsquo;investir les lieux de notre siège pour vivre cette 7ème édition de « J&rsquo;suis vert ». C&rsquo;est dans un cadre moderne et traditionnel, que vous serez accueilli à la Ballroom à partir de 18h.</p>
<h2>Adresse :</h2>
<p>ENENSYS TECHNOLOGIES</p>
<p>La Factory &#8211; Ballroom<br />
4a rue des Buttes<br />
35510 Cesson-Sévigné</p>
<h2>Parking :</h2>
<p>Accès au parking extérieur d&rsquo; ENENSYS devant notre bâtiment.</p>
<p>Celui de nos voisins IDEC est également disponible.</p>
<p>Vous avez également la possibilité de vous garer sur le parking du Château de la Monniais.</p>
<p>Nous sommes très proche de la gare de Cesson, où il y&rsquo; a aussi un parking et cela vous donne la possibilité d&rsquo;y venir en train selon les horaires proposés.</p>
<p>https://m.ter.sncf.com/bretagne/trajet-cesson-sevigne-rennes</p>
<h2>Plan :</h2>
<p><iframe loading="lazy" style="border: 0;" src="https://www.google.com/maps/embed?pb=!1m18!1m12!1m3!1d5327.82722883265!2d-1.5985320970028483!3d48.11190212437348!2m3!1f0!2f0!3f0!3m2!1i1024!2i768!4f13.1!3m3!1m2!1s0x480ed8d7f14149cb%3A0x854e8d5513caadd2!2s4a%20Rue%20des%20buttes%2C%2035510%20Cesson-S%C3%A9vign%C3%A9!5e0!3m2!1sfr!2sfr!4v1650615680507!5m2!1sfr!2sfr" width="600" height="450" allowfullscreen="allowfullscreen"></iframe></p>

<p>Le festival  « J’suis vert » se déroule à la Factory Ballroom à Cesson-Sévigné. Cette année, nous avons décidé d&rsquo;investir &hellip; <a href="https://jsuisvert.com/?page_id=377" class="more-link">Continue reading <span class="screen-reader-text">Infos pratiques</span></a></p>
