{"id":2528,"date":"2025-04-14T10:20:40","date_gmt":"2025-04-14T08:20:40","guid":{"rendered":"https:\/\/jsuisvert.com\/?page_id=2528"},"modified":"2025-04-14T11:36:16","modified_gmt":"2025-04-14T09:36:16","slug":"jsuis-vert-10","status":"publish","type":"page","link":"https:\/\/jsuisvert.com\/?page_id=2528","title":{"rendered":"J&rsquo;Suis Vert #10"},"content":{"rendered":"\n<figure class=\"wp-block-gallery has-nested-images columns-default is-cropped wp-block-gallery-1 is-layout-flex wp-block-gallery-is-layout-flex\">\n<figure class=\"wp-block-image size-full\"><img loading=\"lazy\" decoding=\"async\" width=\"512\" height=\"512\" data-id=\"1964\" src=\"http:\/\/jsuisvert.com\/wp-content\/uploads\/2022\/03\/cropped-JSUIS-VERT.png\" alt=\"\" class=\"wp-image-1964\" srcset=\"https:\/\/jsuisvert.com\/wp-content\/uploads\/2022\/03\/cropped-JSUIS-VERT.png 512w, https:\/\/jsuisvert.com\/wp-content\/uploads\/2022\/03\/cropped-JSUIS-VERT-300x300.png 300w, https:\/\/jsuisvert.com\/wp-content\/uploads\/2022\/03\/cropped-JSUIS-VERT-150x150.png 150w, https:\/\/jsuisvert.com\/wp-content\/uploads\/2022\/03\/cropped-JSUIS-VERT-116x116.png 116w, https:\/\/jsuisvert.com\/wp-content\/uploads\/2022\/03\/cropped-JSUIS-VERT-270x270.png 270w, https:\/\/jsuisvert.com\/wp-content\/uploads\/2022\/03\/cropped-JSUIS-VERT-192x192.png 192w, https:\/\/jsuisvert.com\/wp-content\/uploads\/2022\/03\/cropped-JSUIS-VERT-180x180.png 180w, https:\/\/jsuisvert.com\/wp-content\/uploads\/2022\/03\/cropped-JSUIS-VERT-32x32.png 32w\" sizes=\"auto, (max-width: 512px) 100vw, 512px\" \/><\/figure>\n<\/figure>\n\n\n\n<h2 class=\"wp-block-heading has-text-align-center has-white-color has-black-background-color has-text-color has-background has-link-color wp-elements-29d47e51ba9fbcf4f45896ed4fb77901\">PROGRAMMATION pour le Festival J&rsquo;Suis Vert ! #10<\/h2>\n\n\n\n<p><\/p>\n\n\n\n<h2 class=\"wp-block-heading has-text-align-center has-white-color has-black-background-color has-text-color has-background has-link-color wp-elements-9a5dae9628411f4039589d8a1149c254\">La 10\u00e8me \u00e9dition du festival J\u2019SuisVert! se d\u00e9roulera le Vendredi 23 mai 2025 \u00e0 la Factory Ballroom, 4A rue des Buttes \u00e0 Cesson-S\u00e9vign\u00e9.<\/h2>\n\n\n\n<h2 class=\"wp-block-heading has-text-align-center has-white-color has-black-background-color has-text-color has-background has-link-color wp-elements-3647938d734d1898a57fc31945818121\">Au programme de J\u2019SuisVert #10<\/h2>\n\n\n\n<h2 class=\"wp-block-heading has-text-align-center has-white-color has-black-background-color has-text-color has-background has-link-color wp-elements-d2b4a7136cda8422b2eda6f507563f56\">ap\u00e9ro-d\u00eenatoire et de la bonne musique electro-rock avec plusieurs groupes et DJ de la sc\u00e8ne Hexagonal<\/h2>\n\n\n\n<h1 class=\"wp-block-heading has-text-align-center has-text-color has-x-large-font-size\" style=\"color:#99cc33\"> MIAOU MIAOU<\/h1>\n\n\n\n<h1 class=\"wp-block-heading has-text-align-center has-text-color has-x-large-font-size\" style=\"color:#99cc33\">HORIZONTAL FRANCIS<\/h1>\n\n\n\n<h1 class=\"wp-block-heading has-text-align-center has-text-color has-x-large-font-size\" style=\"color:#99cc33\">PAMELA<\/h1>\n\n\n\n<h1 class=\"wp-block-heading has-text-align-center has-text-color has-x-large-font-size\" style=\"color:#99cc33\">DJ PROSPER<\/h1>\n\n\n\n<p class=\"has-text-align-center has-text-color has-medium-font-size\" style=\"color:#99cc33\"><\/p>\n\n\n\n<p class=\"has-text-align-center\"><\/p>\n","protected":false},"excerpt":{"rendered":"<p>PROGRAMMATION pour le Festival J&rsquo;Suis Vert ! #10 La 10\u00e8me \u00e9dition du festival J\u2019SuisVert! se d\u00e9roulera le Vendredi 23 mai &hellip; <a href=\"https:\/\/jsuisvert.com\/?page_id=2528\" class=\"more-link\">Continue reading <span class=\"screen-reader-text\">J&rsquo;Suis Vert #10<\/span><\/a><\/p>\n","protected":false},"author":6,"featured_media":0,"parent":0,"menu_order":0,"comment_status":"closed","ping_status":"closed","template":"","meta":{"footnotes":""},"class_list":["post-2528","page","type-page","status-publish","hentry"],"_links":{"self":[{"href":"https:\/\/jsuisvert.com\/index.php?rest_route=\/wp\/v2\/pages\/2528","targetHints":{"allow":["GET"]}}],"collection":[{"href":"https:\/\/jsuisvert.com\/index.php?rest_route=\/wp\/v2\/pages"}],"about":[{"href":"https:\/\/jsuisvert.com\/index.php?rest_route=\/wp\/v2\/types\/page"}],"author":[{"embeddable":true,"href":"https:\/\/jsuisvert.com\/index.php?rest_route=\/wp\/v2\/users\/6"}],"replies":[{"embeddable":true,"href":"https:\/\/jsuisvert.com\/index.php?rest_route=%2Fwp%2Fv2%2Fcomments&post=2528"}],"version-history":[{"count":4,"href":"https:\/\/jsuisvert.com\/index.php?rest_route=\/wp\/v2\/pages\/2528\/revisions"}],"predecessor-version":[{"id":2654,"href":"https:\/\/jsuisvert.com\/index.php?rest_route=\/wp\/v2\/pages\/2528\/revisions\/2654"}],"wp:attachment":[{"href":"https:\/\/jsuisvert.com\/index.php?rest_route=%2Fwp%2Fv2%2Fmedia&parent=2528"}],"curies":[{"name":"wp","href":"https:\/\/api.w.org\/{rel}","templated":true}]}}