{"id":2255,"date":"2024-05-14T09:20:48","date_gmt":"2024-05-14T07:20:48","guid":{"rendered":"https:\/\/jsuisvert.com\/?page_id=2255"},"modified":"2024-06-05T11:12:21","modified_gmt":"2024-06-05T09:12:21","slug":"la-douchbox","status":"publish","type":"page","link":"https:\/\/jsuisvert.com\/?page_id=2255","title":{"rendered":"La Douch&rsquo;Box"},"content":{"rendered":"\n<hr class=\"wp-block-separator has-alpha-channel-opacity\"\/>\n\n\n\n<p class=\"has-text-align-center has-white-color has-black-background-color has-text-color has-background has-link-color has-medium-font-size wp-elements-f16e7213784c064c63d41b5865a980e5\" style=\"font-style:normal;font-weight:400\">Qui n\u2019a jamais chant\u00e9 sous sa douche ?<br>Avec la Douch\u2019Box nous vous proposons de vous d\u00e9sinhiber en toute intimit\u00e9.<br>Dans ce karaok\u00e9 inattendu et d\u00e9cal\u00e9, \u00e0 l\u2019abri des regards, on peut chanter seul<br>\u00e0 deux ou \u00e0 plusieurs et clamer son talent \u00e0 la face du monde.<br>La douch\u2019Box est un entresors o\u00f9 chaque personne peut<br>chanter le morceau de son choix, seul, \u00e0 deux, ou \u00e0 plus.<br>Deux projections simultan\u00e9es permettent tout \u00e0 la fois aux<br>chanteurs de se voir et d\u2019\u00eatre vus par un large public\u2026<\/p>\n\n\n<div class=\"wp-block-image\">\n<figure class=\"aligncenter size-large is-resized\"><a href=\"https:\/\/jsuisvert.com\/wp-content\/uploads\/2024\/06\/Enensys-Jsuis-Vert-9-155.jpg\"><img loading=\"lazy\" decoding=\"async\" width=\"1024\" height=\"681\" src=\"https:\/\/jsuisvert.com\/wp-content\/uploads\/2024\/06\/Enensys-Jsuis-Vert-9-155-1024x681.jpg\" alt=\"\" class=\"wp-image-2492\" style=\"width:742px;height:auto\" srcset=\"https:\/\/jsuisvert.com\/wp-content\/uploads\/2024\/06\/Enensys-Jsuis-Vert-9-155-1024x681.jpg 1024w, https:\/\/jsuisvert.com\/wp-content\/uploads\/2024\/06\/Enensys-Jsuis-Vert-9-155-300x200.jpg 300w, https:\/\/jsuisvert.com\/wp-content\/uploads\/2024\/06\/Enensys-Jsuis-Vert-9-155-768x511.jpg 768w, https:\/\/jsuisvert.com\/wp-content\/uploads\/2024\/06\/Enensys-Jsuis-Vert-9-155-1536x1022.jpg 1536w, https:\/\/jsuisvert.com\/wp-content\/uploads\/2024\/06\/Enensys-Jsuis-Vert-9-155-500x333.jpg 500w, https:\/\/jsuisvert.com\/wp-content\/uploads\/2024\/06\/Enensys-Jsuis-Vert-9-155-800x532.jpg 800w, https:\/\/jsuisvert.com\/wp-content\/uploads\/2024\/06\/Enensys-Jsuis-Vert-9-155-1280x852.jpg 1280w, https:\/\/jsuisvert.com\/wp-content\/uploads\/2024\/06\/Enensys-Jsuis-Vert-9-155-1920x1278.jpg 1920w, https:\/\/jsuisvert.com\/wp-content\/uploads\/2024\/06\/Enensys-Jsuis-Vert-9-155-174x116.jpg 174w, https:\/\/jsuisvert.com\/wp-content\/uploads\/2024\/06\/Enensys-Jsuis-Vert-9-155.jpg 2000w\" sizes=\"auto, (max-width: 1024px) 100vw, 1024px\" \/><\/a><\/figure><\/div>\n\n\n<h2 class=\"wp-block-heading has-text-align-center has-white-color has-black-background-color has-text-color has-background has-link-color has-large-font-size wp-elements-b4efdd4eca6c7f051d6cbced73ba5958\"><strong>Fa Si La douche !<\/strong><\/h2>\n\n\n\n<p class=\"has-text-align-center has-white-color has-black-background-color has-text-color has-background has-link-color has-medium-font-size wp-elements-6f5043513db41a96990c9a6f0f7b44e0\" style=\"font-style:normal;font-weight:400\">La Douch\u2019Box est une entresors intimiste (ou presque)\u2026<br>C\u2019est un bo\u00eete qui a toutes les apparences d\u2019une cabine de douche.<br>Vous \u00eates invit\u00e9s \u00e0 rentrer dans la douche, mais avant munissez- vous des accessoires<br>indispensables : peignoirs, nuisettes, maillots, t-shirt (ah!! les t-shirts mouill\u00e9s !!)<br>charlottes de protection, savons, canards en plastiques, etc.<br>Vous voil\u00e0 dans la douche, tirez le rideau de la cabine,<br>placez sous le pommeau de douche et faites face \u00e0 l\u2019\u00e9cran.<br>Prenez un micro sur le porte savon (il y en a deux si vous voulez chanter en duo)<br>choisissez votre morceau dans la liste gr\u00e2ce aux manettes pr\u00e9vues \u00e0 cet effet,<br>appuyez sur play Chantez !<\/p>\n","protected":false},"excerpt":{"rendered":"<p>Qui n\u2019a jamais chant\u00e9 sous sa douche ?Avec la Douch\u2019Box nous vous proposons de vous d\u00e9sinhiber en toute intimit\u00e9.Dans ce &hellip; <a href=\"https:\/\/jsuisvert.com\/?page_id=2255\" class=\"more-link\">Continue reading <span class=\"screen-reader-text\">La Douch&rsquo;Box<\/span><\/a><\/p>\n","protected":false},"author":7,"featured_media":0,"parent":1937,"menu_order":1,"comment_status":"closed","ping_status":"closed","template":"","meta":{"footnotes":""},"class_list":["post-2255","page","type-page","status-publish","hentry"],"_links":{"self":[{"href":"https:\/\/jsuisvert.com\/index.php?rest_route=\/wp\/v2\/pages\/2255","targetHints":{"allow":["GET"]}}],"collection":[{"href":"https:\/\/jsuisvert.com\/index.php?rest_route=\/wp\/v2\/pages"}],"about":[{"href":"https:\/\/jsuisvert.com\/index.php?rest_route=\/wp\/v2\/types\/page"}],"author":[{"embeddable":true,"href":"https:\/\/jsuisvert.com\/index.php?rest_route=\/wp\/v2\/users\/7"}],"replies":[{"embeddable":true,"href":"https:\/\/jsuisvert.com\/index.php?rest_route=%2Fwp%2Fv2%2Fcomments&post=2255"}],"version-history":[{"count":12,"href":"https:\/\/jsuisvert.com\/index.php?rest_route=\/wp\/v2\/pages\/2255\/revisions"}],"predecessor-version":[{"id":2494,"href":"https:\/\/jsuisvert.com\/index.php?rest_route=\/wp\/v2\/pages\/2255\/revisions\/2494"}],"up":[{"embeddable":true,"href":"https:\/\/jsuisvert.com\/index.php?rest_route=\/wp\/v2\/pages\/1937"}],"wp:attachment":[{"href":"https:\/\/jsuisvert.com\/index.php?rest_route=%2Fwp%2Fv2%2Fmedia&parent=2255"}],"curies":[{"name":"wp","href":"https:\/\/api.w.org\/{rel}","templated":true}]}}