{"id":1889,"date":"2023-04-07T15:36:45","date_gmt":"2023-04-07T13:36:45","guid":{"rendered":"https:\/\/jsuisvert.com\/?page_id=1889"},"modified":"2023-04-12T11:39:42","modified_gmt":"2023-04-12T09:39:42","slug":"dl-liza-liza","status":"publish","type":"page","link":"https:\/\/jsuisvert.com\/?page_id=1889","title":{"rendered":"DL LIZA LIZA"},"content":{"rendered":"\n<hr class=\"wp-block-separator has-alpha-channel-opacity\"\/>\n\n\n\n<p class=\"has-text-align-center has-medium-font-size\" style=\"font-style:normal;font-weight:100\">Moiti\u00e9 du duo \u00c0 trois sur la plage dont le premier album est sorti sur le label Gone with the Weed en 2021 et co-fondatrice de la maison de disques f\u00e9ministe Cartelle dont la premi\u00e8re compilation Cartelle vol.1 est parue en fin d\u2019ann\u00e9e 2021, Liza Liza est \u00e9galement passeuse de disques: de la pop \u00e0 la no-wave en passant par l&rsquo;ambient, l\u2019\u00e9lectronique, le post-punk\u2026<\/p>\n\n\n<div class=\"wp-block-image\">\n<figure class=\"aligncenter size-large\"><a href=\"https:\/\/jsuisvert.com\/wp-content\/uploads\/2023\/04\/photo-Liza-Liza.jpg\"><img loading=\"lazy\" decoding=\"async\" width=\"768\" height=\"1024\" src=\"https:\/\/jsuisvert.com\/wp-content\/uploads\/2023\/04\/photo-Liza-Liza-768x1024.jpg\" alt=\"\" class=\"wp-image-1906\" srcset=\"https:\/\/jsuisvert.com\/wp-content\/uploads\/2023\/04\/photo-Liza-Liza-768x1024.jpg 768w, https:\/\/jsuisvert.com\/wp-content\/uploads\/2023\/04\/photo-Liza-Liza-225x300.jpg 225w, https:\/\/jsuisvert.com\/wp-content\/uploads\/2023\/04\/photo-Liza-Liza.jpg 864w\" sizes=\"auto, (max-width: 768px) 100vw, 768px\" \/><\/a><figcaption class=\"wp-element-caption\">DJ LIZA LIZA<\/figcaption><\/figure><\/div>\n\n\n<p class=\"has-text-align-right\">https:\/\/www.facebook.com\/profile.php?id=1050109729<br>https:\/\/www.instagram.com\/lizazelie\/?hl=fr<\/p>\n\n\n\n<hr class=\"wp-block-separator has-alpha-channel-opacity\"\/>\n\n\n\n<p><\/p>\n\n\n\n<p><strong>DJ set pass\u00e9s<\/strong><br>\u2022 Bonjour Minuit Saint-Brieuc avril 2022<br>\u2022 Le Pit Mimizan ao\u00fbt 2022<br>\u2022 Blow up Aix en Provence ao\u00fbt 2022<br>\u2022 Cantine de la brasserie Saint-H\u00e9lier 3 septembre 2022<br>\u2022 I\u2019m From Rennes 10 septembre 2022<br>\u2022 La ferme du Quinc\u00e9 Rennes 23 septembre 2022<br>\u2022 Inauguration de la ligne B du m\u00e9tro, station Sainte-Anne, Rennes 25 septembre 2022<br>\u2022 Le Sans Souci, Paris, 25 f\u00e9vrier 2023<\/p>\n\n\n\n<hr class=\"wp-block-separator has-alpha-channel-opacity\"\/>\n\n\n\n<p><strong>Concerts \u00c0 trois sur la plage \u00e0 venir<\/strong><br>\u2022 Orl\u00e9ans, avril 2023<br>\u2022 L\u2019usine, Gen\u00e8ve, mai 2023<br>\u2022 Saint-Brieuc, juin 2023<br>\u2022 Paris, juillet 2023<br>\u2022 Festival FME, Canada, septembre 2023<br>Ateliers Cartelle \u00e0 venir<br>\u2022 Atelier d\u2019initiation \u00e0 la musique Jardin Moderne avril et juillet 2023<\/p>\n\n\n\n<hr class=\"wp-block-separator has-alpha-channel-opacity\"\/>\n\n\n\n<p class=\"has-text-align-center\"><br><strong>Revue de presse<\/strong> <a href=\"https:\/\/rennesmusique.com\/im-from-rennes-by-liza-liza\/\">https:\/\/rennesmusique.com\/im-from-rennes-by-liza-liza\/<\/a><\/p>\n\n\n<div class=\"wp-block-image\">\n<figure class=\"aligncenter size-full\"><a href=\"https:\/\/jsuisvert.com\/wp-content\/uploads\/2023\/04\/\u00a9\ufe0fErwan-Iliou-1.jpg\"><img loading=\"lazy\" decoding=\"async\" width=\"521\" height=\"552\" src=\"https:\/\/jsuisvert.com\/wp-content\/uploads\/2023\/04\/\u00a9\ufe0fErwan-Iliou-1.jpg\" alt=\"\" class=\"wp-image-1909\" srcset=\"https:\/\/jsuisvert.com\/wp-content\/uploads\/2023\/04\/\u00a9\ufe0fErwan-Iliou-1.jpg 521w, https:\/\/jsuisvert.com\/wp-content\/uploads\/2023\/04\/\u00a9\ufe0fErwan-Iliou-1-283x300.jpg 283w\" sizes=\"auto, (max-width: 521px) 100vw, 521px\" \/><\/a><\/figure><\/div>\n\n\n<hr class=\"wp-block-separator has-alpha-channel-opacity\"\/>\n","protected":false},"excerpt":{"rendered":"<p>Moiti\u00e9 du duo \u00c0 trois sur la plage dont le premier album est sorti sur le label Gone with the &hellip; <a href=\"https:\/\/jsuisvert.com\/?page_id=1889\" class=\"more-link\">Continue reading <span class=\"screen-reader-text\">DL LIZA LIZA<\/span><\/a><\/p>\n","protected":false},"author":6,"featured_media":0,"parent":0,"menu_order":0,"comment_status":"closed","ping_status":"closed","template":"","meta":{"footnotes":""},"class_list":["post-1889","page","type-page","status-publish","hentry"],"_links":{"self":[{"href":"https:\/\/jsuisvert.com\/index.php?rest_route=\/wp\/v2\/pages\/1889","targetHints":{"allow":["GET"]}}],"collection":[{"href":"https:\/\/jsuisvert.com\/index.php?rest_route=\/wp\/v2\/pages"}],"about":[{"href":"https:\/\/jsuisvert.com\/index.php?rest_route=\/wp\/v2\/types\/page"}],"author":[{"embeddable":true,"href":"https:\/\/jsuisvert.com\/index.php?rest_route=\/wp\/v2\/users\/6"}],"replies":[{"embeddable":true,"href":"https:\/\/jsuisvert.com\/index.php?rest_route=%2Fwp%2Fv2%2Fcomments&post=1889"}],"version-history":[{"count":3,"href":"https:\/\/jsuisvert.com\/index.php?rest_route=\/wp\/v2\/pages\/1889\/revisions"}],"predecessor-version":[{"id":1912,"href":"https:\/\/jsuisvert.com\/index.php?rest_route=\/wp\/v2\/pages\/1889\/revisions\/1912"}],"wp:attachment":[{"href":"https:\/\/jsuisvert.com\/index.php?rest_route=%2Fwp%2Fv2%2Fmedia&parent=1889"}],"curies":[{"name":"wp","href":"https:\/\/api.w.org\/{rel}","templated":true}]}}

<hr class="wp-block-separator has-alpha-channel-opacity"/>



<p class="has-text-align-center has-medium-font-size" style="font-style:normal;font-weight:100">Moitié du duo À trois sur la plage dont le premier album est sorti sur le label Gone with the Weed en 2021 et co-fondatrice de la maison de disques féministe Cartelle dont la première compilation Cartelle vol.1 est parue en fin d’année 2021, Liza Liza est également passeuse de disques: de la pop à la no-wave en passant par l&rsquo;ambient, l’électronique, le post-punk…</p>


<div class="wp-block-image">
<figure class="aligncenter size-large"><a href="https://jsuisvert.com/wp-content/uploads/2023/04/photo-Liza-Liza.jpg"><img loading="lazy" decoding="async" width="768" height="1024" src="https://jsuisvert.com/wp-content/uploads/2023/04/photo-Liza-Liza-768x1024.jpg" alt="" class="wp-image-1906" srcset="https://jsuisvert.com/wp-content/uploads/2023/04/photo-Liza-Liza-768x1024.jpg 768w, https://jsuisvert.com/wp-content/uploads/2023/04/photo-Liza-Liza-225x300.jpg 225w, https://jsuisvert.com/wp-content/uploads/2023/04/photo-Liza-Liza.jpg 864w" sizes="auto, (max-width: 768px) 100vw, 768px" /></a><figcaption class="wp-element-caption">DJ LIZA LIZA</figcaption></figure></div>


<p class="has-text-align-right">https://www.facebook.com/profile.php?id=1050109729<br>https://www.instagram.com/lizazelie/?hl=fr</p>



<hr class="wp-block-separator has-alpha-channel-opacity"/>



<p></p>



<p><strong>DJ set passés</strong><br>• Bonjour Minuit Saint-Brieuc avril 2022<br>• Le Pit Mimizan août 2022<br>• Blow up Aix en Provence août 2022<br>• Cantine de la brasserie Saint-Hélier 3 septembre 2022<br>• I’m From Rennes 10 septembre 2022<br>• La ferme du Quincé Rennes 23 septembre 2022<br>• Inauguration de la ligne B du métro, station Sainte-Anne, Rennes 25 septembre 2022<br>• Le Sans Souci, Paris, 25 février 2023</p>



<hr class="wp-block-separator has-alpha-channel-opacity"/>



<p><strong>Concerts À trois sur la plage à venir</strong><br>• Orléans, avril 2023<br>• L’usine, Genève, mai 2023<br>• Saint-Brieuc, juin 2023<br>• Paris, juillet 2023<br>• Festival FME, Canada, septembre 2023<br>Ateliers Cartelle à venir<br>• Atelier d’initiation à la musique Jardin Moderne avril et juillet 2023</p>



<hr class="wp-block-separator has-alpha-channel-opacity"/>



<p class="has-text-align-center"><br><strong>Revue de presse</strong> <a href="https://rennesmusique.com/im-from-rennes-by-liza-liza/">https://rennesmusique.com/im-from-rennes-by-liza-liza/</a></p>


<div class="wp-block-image">
<figure class="aligncenter size-full"><a href="https://jsuisvert.com/wp-content/uploads/2023/04/©️Erwan-Iliou-1.jpg"><img loading="lazy" decoding="async" width="521" height="552" src="https://jsuisvert.com/wp-content/uploads/2023/04/©️Erwan-Iliou-1.jpg" alt="" class="wp-image-1909" srcset="https://jsuisvert.com/wp-content/uploads/2023/04/©️Erwan-Iliou-1.jpg 521w, https://jsuisvert.com/wp-content/uploads/2023/04/©️Erwan-Iliou-1-283x300.jpg 283w" sizes="auto, (max-width: 521px) 100vw, 521px" /></a></figure></div>


<hr class="wp-block-separator has-alpha-channel-opacity"/>

<p>Moitié du duo À trois sur la plage dont le premier album est sorti sur le label Gone with the &hellip; <a href="https://jsuisvert.com/?page_id=1889" class="more-link">Continue reading <span class="screen-reader-text">DL LIZA LIZA</span></a></p>
