{"id":1874,"date":"2023-04-07T15:37:49","date_gmt":"2023-04-07T13:37:49","guid":{"rendered":"https:\/\/jsuisvert.com\/?page_id=1874"},"modified":"2023-04-07T15:37:50","modified_gmt":"2023-04-07T13:37:50","slug":"popolaska","status":"publish","type":"page","link":"https:\/\/jsuisvert.com\/?page_id=1874","title":{"rendered":"POPOLASKA"},"content":{"rendered":"\n<hr class=\"wp-block-separator has-alpha-channel-opacity\"\/>\n\n\n\n<p class=\"has-text-align-center has-medium-font-size\" style=\"font-style:normal;font-weight:100\">Si leur nom s\u2019inspire d\u2019un petit village corse, la musique acoustique<br>du \u00ab Popolaska Project \u00bb s\u2019apparente pourtant peu aux polyphonies de<br>l\u2019\u00cele de beaut\u00e9. On est proche de l\u2019ambiance d\u2019une pause en campagne,<br>d\u2019une sieste matinale dans l&rsquo;herbe encore gorg\u00e9e de ros\u00e9e, une sieste<br>angoissante car les nuages sont lourds de pluie et bien bas dans le<br>ciel Corse, une sieste avec les cochons sauvages tout pr\u00e8s\u2026 et un<br>cochon sauvage, c&rsquo;est id\u00e9al pour faire dispara\u00eetra un corps\u2026<\/p>\n\n\n\n<p class=\"has-text-align-center has-medium-font-size\" style=\"font-style:normal;font-weight:100\"><br>On retrouve dans la musique du Popolaska Project les accents<br>survitamin\u00e9s de pop folk fa\u00e7on Violent Femmes, un peu de la d\u00e9pression<br>\u00e9cossaise propre aux Belle and Sebastian, la tension des m\u00e9lodies<br>belges de dEUS ou des Girls in Hawaii\u2026. <\/p>\n\n\n\n<figure class=\"wp-block-image size-large\"><a href=\"https:\/\/jsuisvert.com\/wp-content\/uploads\/2023\/04\/Image-1.jpg\"><img loading=\"lazy\" decoding=\"async\" width=\"1024\" height=\"986\" src=\"https:\/\/jsuisvert.com\/wp-content\/uploads\/2023\/04\/Image-1-1024x986.jpg\" alt=\"\" class=\"wp-image-1875\" srcset=\"https:\/\/jsuisvert.com\/wp-content\/uploads\/2023\/04\/Image-1-1024x986.jpg 1024w, https:\/\/jsuisvert.com\/wp-content\/uploads\/2023\/04\/Image-1-300x289.jpg 300w, https:\/\/jsuisvert.com\/wp-content\/uploads\/2023\/04\/Image-1-768x740.jpg 768w, https:\/\/jsuisvert.com\/wp-content\/uploads\/2023\/04\/Image-1-1536x1479.jpg 1536w, https:\/\/jsuisvert.com\/wp-content\/uploads\/2023\/04\/Image-1.jpg 2048w\" sizes=\"auto, (max-width: 1024px) 100vw, 1024px\" \/><\/a><\/figure>\n\n\n\n<p class=\"has-text-align-center has-medium-font-size\" style=\"font-style:normal;font-weight:100\">Le Popolaska Project raconte<br>surtout des histoires, tristes, dr\u00f4les, toujours sinc\u00e8res, des<br>portraits d&rsquo;\u00eatres du quotidien, un coup de lorgnette sur les maux de<br>notre temps, avec des mots d&rsquo;un autre temps&#8230;.<\/p>\n\n\n\n<p class=\"has-text-align-center has-medium-font-size\" style=\"font-style:normal;font-weight:100\"><br>Comp\u00e8res de longue date, le natif de Landerneau Patrick Falchier<br>(guitare acoustique, chant, percussions) et ses acolytes rennais Lo\u00efc<br>Maillard (cajon, percussions) et St\u00e9phane Larronde-Larretche (banjo,<br>chant, guitare) ont emprunt\u00e9 des parcours vari\u00e9s et \u0153uvr\u00e9 dans<br>diverses formations (Late Again, We Are Crook, The Gurnard Prisoner,<br>Vrak, Les Kitschenettes) avant de se retrouver pour composer \u00e0 trois.<\/p>\n\n\n\n<p class=\"has-text-align-center has-medium-font-size\" style=\"font-style:normal;font-weight:100\"><br>\u00c0 savourer avec une Pietra !<\/p>\n\n\n\n<p><\/p>\n","protected":false},"excerpt":{"rendered":"<p>Si leur nom s\u2019inspire d\u2019un petit village corse, la musique acoustiquedu \u00ab Popolaska Project \u00bb s\u2019apparente pourtant peu aux polyphonies &hellip; <a href=\"https:\/\/jsuisvert.com\/?page_id=1874\" class=\"more-link\">Continue reading <span class=\"screen-reader-text\">POPOLASKA<\/span><\/a><\/p>\n","protected":false},"author":6,"featured_media":0,"parent":0,"menu_order":0,"comment_status":"closed","ping_status":"closed","template":"","meta":{"footnotes":""},"class_list":["post-1874","page","type-page","status-publish","hentry"],"_links":{"self":[{"href":"https:\/\/jsuisvert.com\/index.php?rest_route=\/wp\/v2\/pages\/1874","targetHints":{"allow":["GET"]}}],"collection":[{"href":"https:\/\/jsuisvert.com\/index.php?rest_route=\/wp\/v2\/pages"}],"about":[{"href":"https:\/\/jsuisvert.com\/index.php?rest_route=\/wp\/v2\/types\/page"}],"author":[{"embeddable":true,"href":"https:\/\/jsuisvert.com\/index.php?rest_route=\/wp\/v2\/users\/6"}],"replies":[{"embeddable":true,"href":"https:\/\/jsuisvert.com\/index.php?rest_route=%2Fwp%2Fv2%2Fcomments&post=1874"}],"version-history":[{"count":5,"href":"https:\/\/jsuisvert.com\/index.php?rest_route=\/wp\/v2\/pages\/1874\/revisions"}],"predecessor-version":[{"id":1892,"href":"https:\/\/jsuisvert.com\/index.php?rest_route=\/wp\/v2\/pages\/1874\/revisions\/1892"}],"wp:attachment":[{"href":"https:\/\/jsuisvert.com\/index.php?rest_route=%2Fwp%2Fv2%2Fmedia&parent=1874"}],"curies":[{"name":"wp","href":"https:\/\/api.w.org\/{rel}","templated":true}]}}