{"id":1859,"date":"2023-02-07T11:03:51","date_gmt":"2023-02-07T09:03:51","guid":{"rendered":"http:\/\/jsuisvert.com\/?page_id=1859"},"modified":"2024-05-23T14:51:32","modified_gmt":"2024-05-23T12:51:32","slug":"jsuis-vert-8","status":"publish","type":"page","link":"https:\/\/jsuisvert.com\/?page_id=1859","title":{"rendered":"J&rsquo;Suis Vert #8"},"content":{"rendered":"\n<figure class=\"wp-block-gallery has-nested-images columns-default is-cropped wp-block-gallery-1 is-layout-flex wp-block-gallery-is-layout-flex\">\n<figure class=\"wp-block-image size-full\"><img loading=\"lazy\" decoding=\"async\" width=\"908\" height=\"793\" data-id=\"1468\" src=\"http:\/\/jsuisvert.com\/wp-content\/uploads\/2019\/05\/Autocollant_jsuisvert_3.png\" alt=\"\" class=\"wp-image-1468\" srcset=\"https:\/\/jsuisvert.com\/wp-content\/uploads\/2019\/05\/Autocollant_jsuisvert_3.png 908w, https:\/\/jsuisvert.com\/wp-content\/uploads\/2019\/05\/Autocollant_jsuisvert_3-300x262.png 300w, https:\/\/jsuisvert.com\/wp-content\/uploads\/2019\/05\/Autocollant_jsuisvert_3-768x671.png 768w\" sizes=\"auto, (max-width: 908px) 100vw, 908px\" \/><\/figure>\n<\/figure>\n\n\n\n<h2 class=\"wp-block-heading has-text-align-center has-white-color has-black-background-color has-text-color has-background has-link-color wp-elements-35ff86bf443981e455c27cb47d104228\">PROGRAMMATION pour le Festival J&rsquo;Suis Vert ! #8<\/h2>\n\n\n\n<p><\/p>\n\n\n\n<p class=\"has-text-align-center\">La 8\u00e8me \u00e9dition du festival J\u2019SuisVert! se d\u00e9roulera le Vendredi 12 Mai 2023 au soir \u00e0 la Factory Ballroom, 4A rue des Buttes \u00e0 Cesson-S\u00e9vign\u00e9.<\/p>\n\n\n\n<p class=\"has-text-align-center\">Au programme de J\u2019SuisVert #8, ap\u00e9ro-d\u00eenatoire et de la bonne musique electro-rock avec plusieurs groupes et DJ de la sc\u00e8ne Hexagonal<\/p>\n\n\n\n<h2 class=\"wp-block-heading has-text-align-center has-text-color\" style=\"color:#99cc33\"> POPOLASKA<\/h2>\n\n\n\n<h2 class=\"wp-block-heading has-text-align-center has-text-color\" style=\"color:#99cc33\">JOY D<\/h2>\n\n\n\n<h2 class=\"wp-block-heading has-text-align-center has-text-color\" style=\"color:#99cc33\">HUUSH<\/h2>\n\n\n\n<h2 class=\"wp-block-heading has-text-align-center has-text-color\" style=\"color:#99cc33\">DJ LIZA LIZA<\/h2>\n\n\n\n<p class=\"has-text-align-center has-text-color has-medium-font-size\" style=\"color:#99cc33\"><\/p>\n\n\n\n<p class=\"has-text-align-center\"><\/p>\n","protected":false},"excerpt":{"rendered":"<p>PROGRAMMATION pour le Festival J&rsquo;Suis Vert ! #8 La 8\u00e8me \u00e9dition du festival J\u2019SuisVert! se d\u00e9roulera le Vendredi 12 Mai &hellip; <a href=\"https:\/\/jsuisvert.com\/?page_id=1859\" class=\"more-link\">Continue reading <span class=\"screen-reader-text\">J&rsquo;Suis Vert #8<\/span><\/a><\/p>\n","protected":false},"author":6,"featured_media":0,"parent":0,"menu_order":0,"comment_status":"closed","ping_status":"closed","template":"","meta":{"footnotes":""},"class_list":["post-1859","page","type-page","status-publish","hentry"],"_links":{"self":[{"href":"https:\/\/jsuisvert.com\/index.php?rest_route=\/wp\/v2\/pages\/1859","targetHints":{"allow":["GET"]}}],"collection":[{"href":"https:\/\/jsuisvert.com\/index.php?rest_route=\/wp\/v2\/pages"}],"about":[{"href":"https:\/\/jsuisvert.com\/index.php?rest_route=\/wp\/v2\/types\/page"}],"author":[{"embeddable":true,"href":"https:\/\/jsuisvert.com\/index.php?rest_route=\/wp\/v2\/users\/6"}],"replies":[{"embeddable":true,"href":"https:\/\/jsuisvert.com\/index.php?rest_route=%2Fwp%2Fv2%2Fcomments&post=1859"}],"version-history":[{"count":9,"href":"https:\/\/jsuisvert.com\/index.php?rest_route=\/wp\/v2\/pages\/1859\/revisions"}],"predecessor-version":[{"id":2423,"href":"https:\/\/jsuisvert.com\/index.php?rest_route=\/wp\/v2\/pages\/1859\/revisions\/2423"}],"wp:attachment":[{"href":"https:\/\/jsuisvert.com\/index.php?rest_route=%2Fwp%2Fv2%2Fmedia&parent=1859"}],"curies":[{"name":"wp","href":"https:\/\/api.w.org\/{rel}","templated":true}]}}

<figure class="wp-block-gallery has-nested-images columns-default is-cropped wp-block-gallery-1 is-layout-flex wp-block-gallery-is-layout-flex">
<figure class="wp-block-image size-full"><img loading="lazy" decoding="async" width="908" height="793" data-id="1468" src="http://jsuisvert.com/wp-content/uploads/2019/05/Autocollant_jsuisvert_3.png" alt="" class="wp-image-1468" srcset="https://jsuisvert.com/wp-content/uploads/2019/05/Autocollant_jsuisvert_3.png 908w, https://jsuisvert.com/wp-content/uploads/2019/05/Autocollant_jsuisvert_3-300x262.png 300w, https://jsuisvert.com/wp-content/uploads/2019/05/Autocollant_jsuisvert_3-768x671.png 768w" sizes="auto, (max-width: 908px) 100vw, 908px" /></figure>
</figure>



<h2 class="wp-block-heading has-text-align-center has-white-color has-black-background-color has-text-color has-background has-link-color wp-elements-35ff86bf443981e455c27cb47d104228">PROGRAMMATION pour le Festival J&rsquo;Suis Vert ! #8</h2>



<p></p>



<p class="has-text-align-center">La 8ème édition du festival J’SuisVert! se déroulera le Vendredi 12 Mai 2023 au soir à la Factory Ballroom, 4A rue des Buttes à Cesson-Sévigné.</p>



<p class="has-text-align-center">Au programme de J’SuisVert #8, apéro-dînatoire et de la bonne musique electro-rock avec plusieurs groupes et DJ de la scène Hexagonal</p>



<h2 class="wp-block-heading has-text-align-center has-text-color" style="color:#99cc33"> POPOLASKA</h2>



<h2 class="wp-block-heading has-text-align-center has-text-color" style="color:#99cc33">JOY D</h2>



<h2 class="wp-block-heading has-text-align-center has-text-color" style="color:#99cc33">HUUSH</h2>



<h2 class="wp-block-heading has-text-align-center has-text-color" style="color:#99cc33">DJ LIZA LIZA</h2>



<p class="has-text-align-center has-text-color has-medium-font-size" style="color:#99cc33"></p>



<p class="has-text-align-center"></p>

<p>PROGRAMMATION pour le Festival J&rsquo;Suis Vert ! #8 La 8ème édition du festival J’SuisVert! se déroulera le Vendredi 12 Mai &hellip; <a href="https://jsuisvert.com/?page_id=1859" class="more-link">Continue reading <span class="screen-reader-text">J&rsquo;Suis Vert #8</span></a></p>
