{"id":1360,"date":"2019-05-04T12:45:23","date_gmt":"2019-05-04T10:45:23","guid":{"rendered":"http:\/\/jsuisvert.com\/?page_id=1360"},"modified":"2022-03-30T11:59:02","modified_gmt":"2022-03-30T09:59:02","slug":"adam-naas","status":"publish","type":"page","link":"https:\/\/jsuisvert.com\/?page_id=1360","title":{"rendered":"Adam NAAS"},"content":{"rendered":"\n<figure class=\"wp-block-image\"><img loading=\"lazy\" decoding=\"async\" width=\"840\" height=\"1024\" src=\"http:\/\/jsuisvert.com\/wp-content\/uploads\/2019\/05\/ADAM-NAAS-by-Olivier-Gandrille-1-1200x1462px-840x1024.jpg\" alt=\"\" class=\"wp-image-1354\" srcset=\"https:\/\/jsuisvert.com\/wp-content\/uploads\/2019\/05\/ADAM-NAAS-by-Olivier-Gandrille-1-1200x1462px-840x1024.jpg 840w, https:\/\/jsuisvert.com\/wp-content\/uploads\/2019\/05\/ADAM-NAAS-by-Olivier-Gandrille-1-1200x1462px-246x300.jpg 246w, https:\/\/jsuisvert.com\/wp-content\/uploads\/2019\/05\/ADAM-NAAS-by-Olivier-Gandrille-1-1200x1462px-768x936.jpg 768w, https:\/\/jsuisvert.com\/wp-content\/uploads\/2019\/05\/ADAM-NAAS-by-Olivier-Gandrille-1-1200x1462px.jpg 1200w\" sizes=\"auto, (max-width: 840px) 100vw, 840px\" \/><\/figure>\n\n\n\n<h2 class=\"wp-block-heading\">The Love Album<\/h2>\n\n\n\n<p>D\u00e8s son premier EP en 2016, Adam Naas imposait sa voix de soul man \u00e0 la beaut\u00e9 ravageuse. Depuis, le jeune Fran\u00e7ais a confirm\u00e9 sur sc\u00e8ne la puissance de son chant, capable d\u2019embraser les sens en faisant fr\u00e9mir jusqu\u2019aux peaux les plus dures. Adam Naas a surtout creus\u00e9 en studio le sillon de sa pop soul intimiste et terriblement sensuelle, aussi m\u00e9lancolique que lumineuse. Le r\u00e9sultat, \u00ab The Love Album \u00bb, est un pur shot d\u2019amour. <\/p>\n\n\n\n<figure class=\"wp-block-image\"><img loading=\"lazy\" decoding=\"async\" width=\"1024\" height=\"1024\" src=\"http:\/\/jsuisvert.com\/wp-content\/uploads\/2019\/05\/COVER-DIGIPACK-Adam-Naas-1200x1200px-1024x1024.jpg\" alt=\"\" class=\"wp-image-1364\" srcset=\"https:\/\/jsuisvert.com\/wp-content\/uploads\/2019\/05\/COVER-DIGIPACK-Adam-Naas-1200x1200px-1024x1024.jpg 1024w, https:\/\/jsuisvert.com\/wp-content\/uploads\/2019\/05\/COVER-DIGIPACK-Adam-Naas-1200x1200px-150x150.jpg 150w, https:\/\/jsuisvert.com\/wp-content\/uploads\/2019\/05\/COVER-DIGIPACK-Adam-Naas-1200x1200px-300x300.jpg 300w, https:\/\/jsuisvert.com\/wp-content\/uploads\/2019\/05\/COVER-DIGIPACK-Adam-Naas-1200x1200px-768x768.jpg 768w, https:\/\/jsuisvert.com\/wp-content\/uploads\/2019\/05\/COVER-DIGIPACK-Adam-Naas-1200x1200px-230x230.jpg 230w, https:\/\/jsuisvert.com\/wp-content\/uploads\/2019\/05\/COVER-DIGIPACK-Adam-Naas-1200x1200px.jpg 1200w\" sizes=\"auto, (max-width: 1024px) 100vw, 1024px\" \/><figcaption>The Love Album: le premier Album d&rsquo;Adam NAAS<\/figcaption><\/figure>\n\n\n\n<p>Le 7\u00e8me ciel, The Love Album l\u2019atteint sans difficult\u00e9s, \u00e0 coups de balades langoureuses et de lignes de chant caressant l\u2019\u00e9piderme. Dans cet oc\u00e9an musical berc\u00e9 par une nostalgie amoureuse et un romantisme noir, s\u2019entrem\u00ealent aussi bien les eaux d\u2019une soul l\u00e9gendaire que celles d\u2019une \u00e9lectro et d\u2019un rock ind\u00e9 plus contemporains. <\/p>\n\n\n\n<p>D\u00e9couvrez ci-dessous la bio officielle de Adam NAAS.<\/p>\n\n\n\n<div class=\"wp-block-file\"><a href=\"https:\/\/jsuisvert.com\/wp-content\/uploads\/2019\/05\/ADAM-NAAS-BIO-FR-2.pdf\" target=\"_blank\" rel=\"noreferrer noopener\">ADAM NAAS &#8211; BIO (FR)<\/a><a href=\"https:\/\/jsuisvert.com\/wp-content\/uploads\/2019\/05\/ADAM-NAAS-BIO-FR-2.pdf\" class=\"wp-block-file__button\" download>T\u00e9l\u00e9charger<\/a><\/div>\n\n\n\n<h2 class=\"wp-block-heading\">D\u00e9couvrez Fading Away, le tube d&rsquo;Adam NAAS<\/h2>\n\n\n\n<figure class=\"wp-block-embed-youtube wp-block-embed is-type-video is-provider-youtube wp-embed-aspect-16-9 wp-has-aspect-ratio\"><div class=\"wp-block-embed__wrapper\">\n<iframe loading=\"lazy\" title=\"Adam Naas - Fading Away\" width=\"1140\" height=\"641\" src=\"https:\/\/www.youtube.com\/embed\/Sy8BHq0M770?feature=oembed\" frameborder=\"0\" allow=\"accelerometer; autoplay; clipboard-write; encrypted-media; gyroscope; picture-in-picture; web-share\" allowfullscreen><\/iframe>\n<\/div><\/figure>\n\n\n\n<h2 class=\"wp-block-heading\">Si Madame le dit&#8230;<\/h2>\n\n\n\n<figure class=\"wp-block-image\"><a href=\"https:\/\/jsuisvert.com\/wp-content\/uploads\/2019\/05\/AN-19-02-Madame-Figaro.png\" target=\"_blank\" rel=\"noreferrer noopener\"><img loading=\"lazy\" decoding=\"async\" width=\"786\" height=\"1020\" src=\"https:\/\/jsuisvert.com\/wp-content\/uploads\/2019\/05\/AN-19-02-Madame-Figaro.png\" alt=\"\" class=\"wp-image-1374\" srcset=\"https:\/\/jsuisvert.com\/wp-content\/uploads\/2019\/05\/AN-19-02-Madame-Figaro.png 786w, https:\/\/jsuisvert.com\/wp-content\/uploads\/2019\/05\/AN-19-02-Madame-Figaro-231x300.png 231w, https:\/\/jsuisvert.com\/wp-content\/uploads\/2019\/05\/AN-19-02-Madame-Figaro-768x997.png 768w\" sizes=\"auto, (max-width: 786px) 100vw, 786px\" \/><\/a><figcaption>Article dans Madame Figaro de F\u00e9vrier 2019<\/figcaption><\/figure>\n\n\n\n<h2 class=\"wp-block-heading\">Adam Naas live dans C \u00e0 Vous<\/h2>\n\n\n\n<p>\u00ab\u00a0I Want To Get You Close To Me\u00a0\u00bb live, devant Naomi Campbell, le 04\/03\/2019.<\/p>\n\n\n\n<figure class=\"wp-block-embed-youtube wp-block-embed is-type-video is-provider-youtube wp-embed-aspect-16-9 wp-has-aspect-ratio\"><div class=\"wp-block-embed__wrapper\">\n<iframe loading=\"lazy\" title=\"&quot;I Want To Get You Close To Me&quot; (live) Adam Naas - C \u00e0 Vous - 04\/03\/2019\" width=\"1140\" height=\"641\" src=\"https:\/\/www.youtube.com\/embed\/gG4YdcXl978?feature=oembed\" frameborder=\"0\" allow=\"accelerometer; autoplay; clipboard-write; encrypted-media; gyroscope; picture-in-picture; web-share\" allowfullscreen><\/iframe>\n<\/div><\/figure>\n\n\n\n<h2 class=\"wp-block-heading\">Adam NAAS sera sur sc\u00e8ne \u00e0 SOLIDAYS en juin. Et Corine aussi !<\/h2>\n\n\n\n<p>J&rsquo;suis Vert, c&rsquo;est aussi l&rsquo;opportunit\u00e9 de voir les artistes de pr\u00e8s ! Et m\u00eame de leur demander \u00e0 quel age ils ont eu le permis&#8230;<\/p>\n\n\n\n<figure class=\"wp-block-image\"><img loading=\"lazy\" decoding=\"async\" width=\"1024\" height=\"683\" src=\"http:\/\/jsuisvert.com\/wp-content\/uploads\/2019\/05\/solidays_1200x800px-1024x683.jpg\" alt=\"\" class=\"wp-image-1391\" srcset=\"https:\/\/jsuisvert.com\/wp-content\/uploads\/2019\/05\/solidays_1200x800px-1024x683.jpg 1024w, https:\/\/jsuisvert.com\/wp-content\/uploads\/2019\/05\/solidays_1200x800px-300x200.jpg 300w, https:\/\/jsuisvert.com\/wp-content\/uploads\/2019\/05\/solidays_1200x800px-768x512.jpg 768w, https:\/\/jsuisvert.com\/wp-content\/uploads\/2019\/05\/solidays_1200x800px.jpg 1200w\" sizes=\"auto, (max-width: 1024px) 100vw, 1024px\" \/><\/figure>\n\n\n\n<h2 class=\"wp-block-heading\">Adam NAAS ? Les Inrocks en parlaient d\u00e9j\u00e0 en 2016..<\/h2>\n\n\n\n<figure class=\"wp-block-image\"><a href=\"https:\/\/jsuisvert.com\/wp-content\/uploads\/2019\/05\/LESINROCKS_ADAM_NAAS.jpg\" target=\"_blank\" rel=\"noreferrer noopener\"><img loading=\"lazy\" decoding=\"async\" width=\"736\" height=\"1024\" src=\"https:\/\/jsuisvert.com\/wp-content\/uploads\/2019\/05\/LESINROCKS_ADAM_NAAS-736x1024.jpg\" alt=\"\" class=\"wp-image-1385\" srcset=\"https:\/\/jsuisvert.com\/wp-content\/uploads\/2019\/05\/LESINROCKS_ADAM_NAAS-736x1024.jpg 736w, https:\/\/jsuisvert.com\/wp-content\/uploads\/2019\/05\/LESINROCKS_ADAM_NAAS-215x300.jpg 215w, https:\/\/jsuisvert.com\/wp-content\/uploads\/2019\/05\/LESINROCKS_ADAM_NAAS-768x1069.jpg 768w, https:\/\/jsuisvert.com\/wp-content\/uploads\/2019\/05\/LESINROCKS_ADAM_NAAS.jpg 992w\" sizes=\"auto, (max-width: 736px) 100vw, 736px\" \/><\/a><\/figure>\n","protected":false},"excerpt":{"rendered":"<p>The Love Album D\u00e8s son premier EP en 2016, Adam Naas imposait sa voix de soul man \u00e0 la beaut\u00e9 &hellip; <a href=\"https:\/\/jsuisvert.com\/?page_id=1360\" class=\"more-link\">Continue reading <span class=\"screen-reader-text\">Adam NAAS<\/span><\/a><\/p>\n","protected":false},"author":2,"featured_media":0,"parent":718,"menu_order":0,"comment_status":"closed","ping_status":"closed","template":"","meta":{"footnotes":""},"class_list":["post-1360","page","type-page","status-publish","hentry"],"_links":{"self":[{"href":"https:\/\/jsuisvert.com\/index.php?rest_route=\/wp\/v2\/pages\/1360","targetHints":{"allow":["GET"]}}],"collection":[{"href":"https:\/\/jsuisvert.com\/index.php?rest_route=\/wp\/v2\/pages"}],"about":[{"href":"https:\/\/jsuisvert.com\/index.php?rest_route=\/wp\/v2\/types\/page"}],"author":[{"embeddable":true,"href":"https:\/\/jsuisvert.com\/index.php?rest_route=\/wp\/v2\/users\/2"}],"replies":[{"embeddable":true,"href":"https:\/\/jsuisvert.com\/index.php?rest_route=%2Fwp%2Fv2%2Fcomments&post=1360"}],"version-history":[{"count":23,"href":"https:\/\/jsuisvert.com\/index.php?rest_route=\/wp\/v2\/pages\/1360\/revisions"}],"predecessor-version":[{"id":1400,"href":"https:\/\/jsuisvert.com\/index.php?rest_route=\/wp\/v2\/pages\/1360\/revisions\/1400"}],"up":[{"embeddable":true,"href":"https:\/\/jsuisvert.com\/index.php?rest_route=\/wp\/v2\/pages\/718"}],"wp:attachment":[{"href":"https:\/\/jsuisvert.com\/index.php?rest_route=%2Fwp%2Fv2%2Fmedia&parent=1360"}],"curies":[{"name":"wp","href":"https:\/\/api.w.org\/{rel}","templated":true}]}}

<figure class="wp-block-image"><img loading="lazy" decoding="async" width="840" height="1024" src="http://jsuisvert.com/wp-content/uploads/2019/05/ADAM-NAAS-by-Olivier-Gandrille-1-1200x1462px-840x1024.jpg" alt="" class="wp-image-1354" srcset="https://jsuisvert.com/wp-content/uploads/2019/05/ADAM-NAAS-by-Olivier-Gandrille-1-1200x1462px-840x1024.jpg 840w, https://jsuisvert.com/wp-content/uploads/2019/05/ADAM-NAAS-by-Olivier-Gandrille-1-1200x1462px-246x300.jpg 246w, https://jsuisvert.com/wp-content/uploads/2019/05/ADAM-NAAS-by-Olivier-Gandrille-1-1200x1462px-768x936.jpg 768w, https://jsuisvert.com/wp-content/uploads/2019/05/ADAM-NAAS-by-Olivier-Gandrille-1-1200x1462px.jpg 1200w" sizes="auto, (max-width: 840px) 100vw, 840px" /></figure>



<h2 class="wp-block-heading">The Love Album</h2>



<p>Dès son premier EP en 2016, Adam Naas imposait sa voix de soul man à la beauté ravageuse. Depuis, le jeune Français a confirmé sur scène la puissance de son chant, capable d’embraser les sens en faisant frémir jusqu’aux peaux les plus dures. Adam Naas a surtout creusé en studio le sillon de sa pop soul intimiste et terriblement sensuelle, aussi mélancolique que lumineuse. Le résultat, « The Love Album », est un pur shot d’amour. </p>



<figure class="wp-block-image"><img loading="lazy" decoding="async" width="1024" height="1024" src="http://jsuisvert.com/wp-content/uploads/2019/05/COVER-DIGIPACK-Adam-Naas-1200x1200px-1024x1024.jpg" alt="" class="wp-image-1364" srcset="https://jsuisvert.com/wp-content/uploads/2019/05/COVER-DIGIPACK-Adam-Naas-1200x1200px-1024x1024.jpg 1024w, https://jsuisvert.com/wp-content/uploads/2019/05/COVER-DIGIPACK-Adam-Naas-1200x1200px-150x150.jpg 150w, https://jsuisvert.com/wp-content/uploads/2019/05/COVER-DIGIPACK-Adam-Naas-1200x1200px-300x300.jpg 300w, https://jsuisvert.com/wp-content/uploads/2019/05/COVER-DIGIPACK-Adam-Naas-1200x1200px-768x768.jpg 768w, https://jsuisvert.com/wp-content/uploads/2019/05/COVER-DIGIPACK-Adam-Naas-1200x1200px-230x230.jpg 230w, https://jsuisvert.com/wp-content/uploads/2019/05/COVER-DIGIPACK-Adam-Naas-1200x1200px.jpg 1200w" sizes="auto, (max-width: 1024px) 100vw, 1024px" /><figcaption>The Love Album: le premier Album d&rsquo;Adam NAAS</figcaption></figure>



<p>Le 7ème ciel, The Love Album l’atteint sans difficultés, à coups de balades langoureuses et de lignes de chant caressant l’épiderme. Dans cet océan musical bercé par une nostalgie amoureuse et un romantisme noir, s’entremêlent aussi bien les eaux d’une soul légendaire que celles d’une électro et d’un rock indé plus contemporains. </p>



<p>Découvrez ci-dessous la bio officielle de Adam NAAS.</p>



<div class="wp-block-file"><a href="https://jsuisvert.com/wp-content/uploads/2019/05/ADAM-NAAS-BIO-FR-2.pdf" target="_blank" rel="noreferrer noopener">ADAM NAAS &#8211; BIO (FR)</a><a href="https://jsuisvert.com/wp-content/uploads/2019/05/ADAM-NAAS-BIO-FR-2.pdf" class="wp-block-file__button" download>Télécharger</a></div>



<h2 class="wp-block-heading">Découvrez Fading Away, le tube d&rsquo;Adam NAAS</h2>



<figure class="wp-block-embed-youtube wp-block-embed is-type-video is-provider-youtube wp-embed-aspect-16-9 wp-has-aspect-ratio"><div class="wp-block-embed__wrapper">
<iframe loading="lazy" title="Adam Naas - Fading Away" width="1140" height="641" src="https://www.youtube.com/embed/Sy8BHq0M770?feature=oembed" frameborder="0" allow="accelerometer; autoplay; clipboard-write; encrypted-media; gyroscope; picture-in-picture; web-share" allowfullscreen></iframe>
</div></figure>



<h2 class="wp-block-heading">Si Madame le dit&#8230;</h2>



<figure class="wp-block-image"><a href="https://jsuisvert.com/wp-content/uploads/2019/05/AN-19-02-Madame-Figaro.png" target="_blank" rel="noreferrer noopener"><img loading="lazy" decoding="async" width="786" height="1020" src="https://jsuisvert.com/wp-content/uploads/2019/05/AN-19-02-Madame-Figaro.png" alt="" class="wp-image-1374" srcset="https://jsuisvert.com/wp-content/uploads/2019/05/AN-19-02-Madame-Figaro.png 786w, https://jsuisvert.com/wp-content/uploads/2019/05/AN-19-02-Madame-Figaro-231x300.png 231w, https://jsuisvert.com/wp-content/uploads/2019/05/AN-19-02-Madame-Figaro-768x997.png 768w" sizes="auto, (max-width: 786px) 100vw, 786px" /></a><figcaption>Article dans Madame Figaro de Février 2019</figcaption></figure>



<h2 class="wp-block-heading">Adam Naas live dans C à Vous</h2>



<p>« I Want To Get You Close To Me » live, devant Naomi Campbell, le 04/03/2019.</p>



<figure class="wp-block-embed-youtube wp-block-embed is-type-video is-provider-youtube wp-embed-aspect-16-9 wp-has-aspect-ratio"><div class="wp-block-embed__wrapper">
<iframe loading="lazy" title="&quot;I Want To Get You Close To Me&quot; (live) Adam Naas - C à Vous - 04/03/2019" width="1140" height="641" src="https://www.youtube.com/embed/gG4YdcXl978?feature=oembed" frameborder="0" allow="accelerometer; autoplay; clipboard-write; encrypted-media; gyroscope; picture-in-picture; web-share" allowfullscreen></iframe>
</div></figure>



<h2 class="wp-block-heading">Adam NAAS sera sur scène à SOLIDAYS en juin. Et Corine aussi !</h2>



<p>J&rsquo;suis Vert, c&rsquo;est aussi l&rsquo;opportunité de voir les artistes de près ! Et même de leur demander à quel age ils ont eu le permis&#8230;</p>



<figure class="wp-block-image"><img loading="lazy" decoding="async" width="1024" height="683" src="http://jsuisvert.com/wp-content/uploads/2019/05/solidays_1200x800px-1024x683.jpg" alt="" class="wp-image-1391" srcset="https://jsuisvert.com/wp-content/uploads/2019/05/solidays_1200x800px-1024x683.jpg 1024w, https://jsuisvert.com/wp-content/uploads/2019/05/solidays_1200x800px-300x200.jpg 300w, https://jsuisvert.com/wp-content/uploads/2019/05/solidays_1200x800px-768x512.jpg 768w, https://jsuisvert.com/wp-content/uploads/2019/05/solidays_1200x800px.jpg 1200w" sizes="auto, (max-width: 1024px) 100vw, 1024px" /></figure>



<h2 class="wp-block-heading">Adam NAAS ? Les Inrocks en parlaient déjà en 2016..</h2>



<figure class="wp-block-image"><a href="https://jsuisvert.com/wp-content/uploads/2019/05/LESINROCKS_ADAM_NAAS.jpg" target="_blank" rel="noreferrer noopener"><img loading="lazy" decoding="async" width="736" height="1024" src="https://jsuisvert.com/wp-content/uploads/2019/05/LESINROCKS_ADAM_NAAS-736x1024.jpg" alt="" class="wp-image-1385" srcset="https://jsuisvert.com/wp-content/uploads/2019/05/LESINROCKS_ADAM_NAAS-736x1024.jpg 736w, https://jsuisvert.com/wp-content/uploads/2019/05/LESINROCKS_ADAM_NAAS-215x300.jpg 215w, https://jsuisvert.com/wp-content/uploads/2019/05/LESINROCKS_ADAM_NAAS-768x1069.jpg 768w, https://jsuisvert.com/wp-content/uploads/2019/05/LESINROCKS_ADAM_NAAS.jpg 992w" sizes="auto, (max-width: 736px) 100vw, 736px" /></a></figure>

<p>The Love Album Dès son premier EP en 2016, Adam Naas imposait sa voix de soul man à la beauté &hellip; <a href="https://jsuisvert.com/?page_id=1360" class="more-link">Continue reading <span class="screen-reader-text">Adam NAAS</span></a></p>
